s -1010 (base 2) in base 9?
-11
Convert -1 (base 7) to base 13.
-1
-101011 (base 2) to base 15
-2d
0 (base 7) to base 15
0
-1 (base 12) to base 4
-1
What is -7 (base 8) in base 7?
-10
101001101 (base 2) to base 15
173
232 (base 4) to base 7
64
What is -3 (base 12) in base 15?
-3
What is -c8 (base 16) in base 10?
-200
What is -3 (base 15) in base 12?
-3
What is -3a (base 11) in base 2?
-101011
What is 0 (base 12) in base 7?
0
29 (base 16) to base 2
101001
1001 (base 2) to base 14
9
What is -11 (base 11) in base 15?
-c
12 (base 4) to base 9
6
Convert 2 (base 10) to base 8.
2
-3 (base 10) to base 9
-3
8 (base 16) to base 2
1000
-23 (base 14) to base 15
-21
What is -11 (base 3) in base 14?
-4
What is 3b (base 12) in base 16?
2f
What is b2 (base 16) in base 9?
217
2 (base 12) to base 3
2
What is 10 (base 3) in base 14?
3
Convert -113 (base 4) to base 6.
-35
What is 1ab (base 13) in base 14?
182
Convert 21 (base 6) to base 16.
d
55 (base 11) to base 10
60
Convert -3123 (base 4) to base 15.
-e9
What is -20 (base 7) in base 2?
-1110
3 (base 13) to base 10
3
Convert 45 (base 14) to base 2.
111101
What is 2 (base 8) in base 11?
2
1 (base 6) to base 16
1
What is 115 (base 6) in base 13?
38
What is -1 (base 3) in base 14?
-1
Convert -12 (base 7) to base 2.
-1001
128 (base 9) to base 13
83
Convert -1010 (base 5) to base 12.
-aa
-442 (base 6) to base 3
-20022
Convert 2 (base 3) to base 2.
10
What is -100 (base 2) in base 8?
-4
Convert 432 (base 5) to base 13.
90
What is 3 (base 5) in base 8?
3
What is -3 (base 14) in base 12?
-3
-5 (base 13) to base 8
-5
10 (base 6) to base 3
20
Convert -117 (base 8) to base 4.
-1033
Convert 15 (base 12) to base 13.
14
-11 (base 8) to base 6
-13
35 (base 10) to base 5
120
-3 (base 7) to base 3
-10
-188 (base 16) to base 15
-1b2
-16 (base 7) to base 15
-d
What is 111 (base 2) in base 12?
7
Convert 3 (base 15) to base 7.
3
What is 3 (base 5) in base 7?
3
Convert -4 (base 7) to base 4.
-10
Convert -11 (base 4) to base 16.
-5
Convert 13 (base 16) to base 3.
201
What is -228 (base 9) in base 7?
-356
What is -210 (base 3) in base 12?
-19
Convert 1101100 (base 2) to base 6.
300
0 (base 14) to base 16
0
What is 3 (base 8) in base 6?
3
What is -b (base 12) in base 16?
-b
What is 11120 (base 3) in base 12?
a3
What is 12 (base 7) in base 14?
9
19 (base 15) to base 14
1a
Convert -11 (base 5) to base 7.
-6
Convert -12 (base 6) to base 11.
-8
Convert -30 (base 12) to base 7.
-51
Convert -7 (base 12) to base 5.
-12
Convert -3 (base 12) to base 7.
-3
-1000 (base 3) to base 12
-23
Convert -3 (base 10) to base 9.
-3
Convert 1 (base 13) to base 15.
1
What is -1142 (base 6) in base 15?
-138
4 (base 14) to base 3
11
0 (base 15) to base 6
0
22 (base 15) to base 10
32
What is -1 (base 8) in base 14?
-1
What is 2 (base 6) in base 4?
2
What is a2 (base 11) in base 16?
70
What is 15 (base 10) in base 8?
17
81 (base 13) to base 16
69
Convert -11 (base 7) to base 13.
-8
What is 1a (base 12) in base 14?
18
What is 15 (base 8) in base 5?
23
What is -a (base 14) in base 7?
-13
What is -47 (base 10) in base 5?
-142
Convert -25 (base 9) to base 15.
-18
What is -110010 (base 2) in base 16?
-32
-273 (base 8) to base 5
-1222
-1 (base 3) to base 8
-1
Convert -2 (base 9) to base 15.
-2
204 (base 6) to base 13
5b
Convert -83 (base 16) to base 8.
-203
Convert 14 (base 5) to base 12.
9
3 (base 9) to base 11
3
7b (base 14) to base 6
301
Convert 29 (base 12) to base 9.
36
What is -14 (base 8) in base 2?
-1100
Convert -28 (base 16) to base 8.
-50
Convert 4 (base 15) to base 10.
4
-59 (base 14) to base 16
-4f
What is -20 (base 5) in base 7?
-13
What is 101 (base 2) in base 13?
5
-50 (base 8) to base 2
-101000
110 (base 3) to base 13
c
What is 3 (base 7) in base 12?
3
What is 2 (base 4) in base 9?
2
What is -6 (base 10) in base 4?
-12
What is 0 (base 2) in base 5?
0
23 (base 9) to base 10
21
Convert 11011 (base 2) to base 11.
25
What is -4a (base 11) in base 7?
-105
What is -100111 (base 2) in base 3?
-1110
2222 (base 3) to base 7
143
-5 (base 16) to base 15
-5
-30 (base 7) to base 6
-33
Convert 110 (base 6) to base 11.
39
-149 (base 14) to base 7
-522
1101 (base 2) to base 12
11
Convert 3 (base 4) to base 6.
3
What is -1130 (base 4) in base 8?
-134
Convert 28 (base 9) to base 13.
20
Convert 0 (base 15) to base 4.
0
What is -82 (base 13) in base 3?
-10221
-7 (base 16) to base 13
-7
Convert 1 (base 2) to base 14.
1
Convert 10 (base 3) to base 7.
3
Convert 0 (base 16) to base 9.
0
-5 (base 15) to base 6
-5
Convert -d (base 15) to base 6.
-21
Convert -11010001 (base 2) to base 12.
-155
What is 6 (base 13) in base 6?
10
Convert 0 (base 7) to base 5.
0
-11 (base 2) to base 13
-3
37 (base 14) to base 2
110001
Convert 44 (base 10) to base 16.
2c
Convert 5 (base 12) to base 10.
5
-11 (base 16) to base 9
-18
-312 (base 5) to base 12
-6a
What is 130 (base 4) in base 13?
22
-35 (base 13) to base 5
-134
What is -110 (base 2) in base 6?
-10
What is 161 (base 8) in base 3?
11012
Convert 78 (base 10) to base 11.
71
What is 12 (base 12) in base 8?
16
0 (base 16) to base 8
0
What is 0 (base 2) in base 5?
0
What is 14 (base 12) in base 3?
121
-7 (base 12) to base 10
-7
What is -6 (base 13) in base 2?
-110
Convert -15 (base 8) to base 10.
-13
What is -4 (base 16) in base 9?
-4
-2 (base 4) to base 12
-2
What is -13 (base 7) in base 9?
-11
What is 0 (base 7) in base 11?
0
Convert 78 (base 10) to base 12.
66
-104 (base 9) to base 3
-10011
What is 1e (base 16) in base 2?
11110
What is 7 (base 11) in base 6?
11
What is 42 (base 5) in base 16?
16
1 (base 14) to base 5
1
What is -17 (base 13) in base 9?
-22
What is -110111 (base 2) in base 15?
-3a
3 (base 15) to base 11
3
Convert 43 (base 13) to base 11.
50
3 (base 4) to base 13
3
1 (base 6) to base 15
1
10202 (base 3) to base 7
203
Convert -1 (base 9) to base 8.
-1
Convert -53 (base 15) to base 7.
-141
8 (base 10) to base 7
11
Convert -20 (base 5) to base 12.
-a
-20 (base 13) to base 11
-24
Convert 1 (base 9) to base 12.
1
-1100 (base 3) to base 4
-210
What is -2a (base 11) in base 3?
-1012
What is 3021 (base 4) in base 3?
21110
Convert -5 (base 8) to base 15.
-5
What is -4 (base 14) in base 2?
-100
What is -12 (base 11) in base 4?
-31
Convert 405 (base 6) to base 16.
95
-26 (base 14) to base 2
-100010
Convert 152 (base 6) to base 2.
1000100
-8 (base 10) to base 11
-8
What is -2211 (base 3) in base 2?
-1001100
Convert 0 (base 10) to base 7.
0
Convert -1 (base 14) to base 16.
-1
Convert 1 (base 12) to base 10.
1
What is -110000 (base 2) in base 5?
-143
11 (base 8) to base 7
12
Convert 22 (base 4) to base 16.
a
42 (base 16) to base 10
66
Convert 0 (base 2) to base 7.
0
What is 20 (base 3) in base 14?
6
-10 (base 5) to base 10
-5
What is -3a (base 15) in base 11?
-50
What is 6 (base 9) in base 13?
6
Convert -214 (base 6) to base 7.
-145
What is 4 (base 13) in base 7?
4
What is 29 (base 12) in base 10?
33
Convert 11013 (base 4) to base 5.
2302
-2 (base 11) to base 5
-2
-23 (base 5) to base 9
-14
What is -1102 (base 5) in base 3?
-12122
What is -6 (base 8) in base 12?
-6
Convert -1012 (base 3) to base 5.
-112
What is -10 (base 8) in base 13?
-8
What is 401 (base 5) in base 14?
73
What is 48 (base 15) in base 9?
75
0 (base 16) to base 14
0
What is 0 (base 7) in base 5?
0
Convert 4 (base 7) to base 9.
4
Convert 32 (base 6) to base 2.
10100
12 (base 6) to base 2
1000
7 (base 8) to base 11
7
What is 18 (base 12) in base 8?
24
What is 25 (base 7) in base 15?
14
Convert -3 (base 9) to base 12.
-3
Convert 4 (base 8) to base 15.
4
Convert -141 (base 10) to base 9.
-166
200 (base 4) to base 14
24
What is 3a (base 16) in base 11?
53
-3 (base 16) to base 11
-3
Convert 2 (base 5) to base 10.
2
42 (base 8) to base 2
100010
400 (base 6) to base 5
1034
1110 (base 3) to base 15
29
Convert -58 (base 12) to base 9.
-75
What is 19 (base 12) in base 11?
1a
39 (base 16) to base 10
57
What is 10001 (base 4) in base 12?
195
Convert 11 (base 3) to base 8.
4
-4 (base 14) to base 12
-4
0 (base 14) to base 16
0
What is -11000011 (base 2) in base 5?
-1240
Convert 0 (base 16) to base 4.
0
Convert -1 (base 9) to base 2.
-1
Convert 0 (base 4) to base 7.
0
What is 13 (base 9) in base 15?
c
12 (base 12) to base 16
e
Convert -9 (base 14) to base 13.
-9
-51 (base 6) to base 12
